- -1 - (-6 - (13 + -17))?
0
Evaluate 3 + -3 - (12 + -13) - 6.
-5
What is -2 + (1 - -1) + 3 + -2?
1
Evaluate 1 - (-4 - (-3 + 0 - -4)).
6
What is the value of -4 - (3 + 4 + -7)?
-4
0 + -5 + 11 + 0 + -2
4
What is 12 - (3 - 5 - -5)?
9
Evaluate -9 + -8 + 16 + 2.
1
Calculate 1 - 1 - (-1 + 4).
-3
What is -8 - (-2 + (-7 + 1 - -3))?
-3
-3 + 0 + 1 - 1
-3
Evaluate -6 + 2 + 0 + 4 + -2.
-2
What is the value of -2 + (-2 + 1 - -6) - -2?
5
(-5 - (-6 + -9)) + -7 + 1
4
What is -11 + 7 + (4 - 2)?
-2
9 - (3 + (2 - (6 + -5)))
5
Evaluate -6 + 0 + 6 + -1 + -2.
-3
-9 + 2 + 2 + 1
-4
Evaluate 1 + 0 - (-4 - -8).
-3
What is (-1 - -6) + 2 - 2?
5
What is the value of 5 - (3 + -7 + 8)?
1
What is the value of (-2 - (-12 + 4)) + -4?
2
What is the value of 11 + (-7 - -2) - 3 - 1?
2
Evaluate -6 + -2 + (3 - -1 - -5).
1
Calculate -9 - (4 + -5 + -1).
-7
What is 1 + 1 + -2 - -4?
4
Calculate -11 - -3 - (3 + (-8 - -2)).
-5
Evaluate 2 - (5 + -4 + -3 + -1).
5
Evaluate -4 + 9 - (-5 - -5).
5
What is the value of 0 - (1 + (6 - -1 - 7))?
-1
Calculate (16 - 23) + (1 - -3).
-3
-17 + 13 + (-2 - -12)
6
What is 0 - (-5 + (5 - 3) + 5)?
-2
Evaluate 7 + (0 - 2) + -11.
-6
What is -7 + -2 + 2 - (-33 + 31)?
-5
Evaluate -1 - (8 + -7 + -4).
2
Evaluate -7 + (4 - -13) + -9.
1
Evaluate 4 + (-2 - -7) + -7 + -5.
-3
Evaluate -4 - (3 - (-3 + 6)).
-4
Evaluate 1 - (5 + -1 - -1).
-4
Calculate 5 + -2 - (3 - 0).
0
Calculate -54 - -50 - (1 - 1).
-4
What is (-3 - -7) + 1 + -8?
-3
Calculate (-2 - 2) + 8 + -5.
-1
Calculate 9 + -3 + 1 + -4.
3
Calculate (-3 - -2) + 11 + -7.
3
(2 - (0 + -4 + 0)) + 1
7
Calculate -1 - -5 - (0 + -1).
5
Evaluate 7 - 5 - -4 - 2.
4
Calculate 101 - 96 - (0 - -8).
-3
3 - (-2 + 18 + -13)
0
Calculate -6 + 14 + -4 + -1.
3
-2 - (2 + (1 - (-1 + 0)))
-6
What is the value of -5 - -1 - (3 + -13 + 6)?
0
What is 23 + -17 + -6 + -1?
-1
Evaluate -6 + 3 + 1 + -1.
-3
Evaluate -8 + 11 - (-4 + (-1 - -4)).
4
-1 + 9 + -4 + -3
1
What is the value of 4 - -1 - (6 - (4 + -2))?
1
0 + -2 + (39 - 41)
-4
-4 + (0 - -6) + 1
3
What is the value of -3 + -4 + (1 - -2)?
-4
Calculate -2 + -1 + 7 + 4 + -4.
4
Calculate -2 + (-9 - -5 - -11).
5
What is 8 + 2 + 2 + -8?
4
Evaluate 17 + -13 - ((0 - -2) + 7).
-5
What is -12 - (3 - (-4 - -7 - -6))?
-6
What is (-12 - -6) + 8 + -8?
-6
What is 6 + -6 + 5 - 7?
-2
What is 0 + 1 - (40 - 46)?
7
What is the value of -2 + 4 - (1 + (2 - -1))?
-2
(2 - -6) + -4 - -1
5
What is the value of -7 + 18 - (5 - (-5 - -4))?
5
Evaluate -12 + 13 - (3 + -1).
-1
Calculate (6 - 4) + -4 - (1 + -1).
-2
Calculate -1 + 2 + 2 - (-75 - -84).
-6
Evaluate (-3 + 2 - 0) + (-2 - 1).
-4
-2 - 5 - (6 - 13)
0
What is the value of -2 - 3 - (-2 - 4)?
1
1 + -5 + 1 + 6
3
(1 - (-10 + 10)) + 3
4
Calculate -2 + (3 + -2 - (4 + -7)).
2
Calculate 5 - (7 - (4 + 0)).
2
Evaluate (0 - (-3 - 2 - -6)) + 0.
-1
Calculate (-3 - -2 - -3) + 2 + -5.
-1
What is 2 + 6 + -3 - (-4 - -4)?
5
Calculate 10 + (-1 - -1 - 6) + -2.
2
7 + (8 - 22) + -1
-8
Calculate (5 - -1) + 3 + -1 + -3.
5
Calculate -6 + (6 - -2) + (0 - 0).
2
What is the value of -4 - (1 + -1 + (3 - 6))?
-1
What is -2 + -5 + (-32 - -39)?
0
What is the value of -2 - (2 + -2) - (-96 + 89)?
5
-3 + 0 - (-5 - -7)
-5
What is the value of 3 + -4 + -10 + 5?
-6
3 + 3 + -7 - (-22 + 19)
2
What is the value of 5 + 0 + 4 - 9?
0
What is 8 + (4 - 14) - -11?
9
Evaluate 5 + 0 - (0 + 8 + -5).
2
Evaluate -3 - -1 - (2 - 3).
-1
Evaluate 0 + (5 - 8) + 1 + -2.
-4
Evaluate 0 + -3 + 18 + (-20 - -10).
5
2 - (7 + 7 + -6)
-6
Evaluate (1 - (5 - (4 + -1))) + 6.
5
-10 - -5 - (-1 - 5)
1
Evaluate -10 + (10 - 8) + 11.
3
Evaluate -10 + 6 + 2 + 0.
-2
(5 - -3) + -10 + 2
0
(-2 - (-4 - -1)) + -4 + 2
-1
What is the value of (-1 - -1) + 4 - 6?
-2
What is the value of (-1 - 3) + (9 - (6 - 2))?
1
(-6 - (-9 + -4)) + 0
7
What is 1 - 5 - ((2 - 0) + -6)?
0
What is -4 + 2 - (-4 - -5)?
-3
What is 4 + -1 - -3 - (-1 - -5)?
2
What is -22 - -26 - (0 - 0)?
4
What is 10 + (-9 - -2) + (3 - 1)?
5
Evaluate -1 - ((-1 - -4) + -5 + -8).
9
4 + 3 + (-3 - -2) + -2
4
What is the value of (1 - 5) + 0 - -4?
0
-9 - (12 + -4 - 25)
8
Evaluate 6 + (4 - (-3 - -6)).
7
What is (0 - (-1 + 1)) + 7 + -3?
4
Evaluate -1 + -10 + (2 - (1 - 4)).
-6
Calculate -4 - (5 + 3 + -15).
3
What is 1 - 1 - (-3 - (-4 - -5))?
4
What is -1 + (-1 - -7) - 0?
5
Calculate (-1 - 2) + (-2 - -6) + 2.
3
Evaluate -3 + 5 + (2 - 2) - 3.
-1
What is the value of (-24 + 26 - (-1 - 2)) + 0?
5
Evaluate -8 + 0 - (22 - 37).
7
Calculate (4 - 1) + -35 + 27.
-5
Evaluate -8 - (-1 - 1 - (38 - 40)).
-8
What is 1 + 2 + -4 + -3 + 5?
1
-6 - (-25 + 6 - -9)
4
Evaluate 0 - (-1 + 2 + -3) - 2.
0
Calculate -6 + 2 - (-2 - 5) - -2.
5
What is the value of (6 - 0) + 14 + (8 - 19)?
9
Evaluate 2 + 2 - (-11 - (-18 + -2)).
-5
Calculate (-2 - 1) + (59 - 60) + 11.
7
9 + 5 - 2 - (6 + 2)
4
Evaluate 4 + -6 + 0 - 1.
-3
Evaluate (3 - (0 - -4)) + (0 - 3).
-4
What is -5 + 15 + -26 + 9?
-7
Evaluate -3 + (2 - 3) + 2 - -1.
-1
What is the value of -1 + (2 - -1) + 1 + -2?
1
Evaluate -1 - -3 - -2 - 2.
2
Evaluate (3 + -4 + 2 - 5) + 2.
-2
What is the value of 7 - 15 - (0 - (-3 + 3))?
-8
What is 10 + -14 + 8 + -3 + 1?
2
(9 - -1 - (-12 - -14)) + -6
2
3 - (4 + -3 + 4 + 0)
-2
Calculate 3 - (5 + (-1 - -1)).
-2
1 + 5 + -83 + 80
3
(4 - (5 - 1)) + -5
-5
Calculate 5 - 2 - (2 + -2 + 2).
1
-4 - (8 + -16 + 2)
2
Evaluate -1 - (-10 + 1) - (78 + -79).
9
What is (0 + -5 - -4 - -4) + 0?
3
Calculate (4 - 2) + (0 - -3) + -2.
3
Calculate (3 - 0) + (3 - 4).
2
What is the value of (-3 + 7 - 3) + 3?
4
Evaluate 0 + 1 - (-1 + 0 - -1).
1
What is the value of 0 - (-3 + 1 - -4)?
-2
Evaluate (-6 - -1 - 0) + -112 + 111.
-6
Calculate 8 - 4 - (3 - 3).
4
Evaluate -1 + (11 - (0 - -9)).
1
Calculate 2 - ((-1 - 0) + -6 + 6).
3
What is (-4 - -9) + -12 + 13?
6
Calculate 4 - (0 + 3 - 3) - 8.
-4
Evaluate -3 + (3 - 6 - -6) + 0.
0
(0 - (-3 + 2)) + -7
-6
Calculate (-3 - -6) + (-3 - 1).
-1
What is the value of -10 - 3 - (-16 + 8)?
-5
What is the value of -2 + (2 - -5) + 0?
5
What is (-52 - -56) + -4 + (-2 - -3)?
1
What is the value of 8 + 0 - (71 - 63)?
0
Evaluate 2 - 3 - (0 + 2).
-3
Evaluate 4 - (-2 + 2) - (9 - 4).
-1
What is -2 - -6 - 1 - 2?
1
What is 0 + 9 + -7 + 3?
5
What is -1 + 5 + -12 + 12?
4
What is 6 + (-7 - (5 - 13)) - 3?
4
What is (-72 - -69) + (1 - (-2 - 2))?
2
Evaluate -5 + 8 + -3 - (-3 - -8).
-5
Evaluate 1 + 6 + -3 + -6 - 2.
-4
Evaluate 2 + -1 - (4 - (4 - -2)).
3
What is the value of -4 + 1 - (-20 - -20)?
-3
-1 + 3 - (-4 + 5)
1
Calculate 0 - -1 - (5 + -6).
2
What is the value of 4 - 8 - -1 - (-8 - -3)?
2
What is the value of (1 - 1 - -1 - 1) + -1?
-1
Evaluate 1 + 3 - (7 - 4).
1
What is 1 - (-8 + -6 + 12)?
3
What is the value of -9 + 5 + 0 - (-3 + -1)?
0
What is -5 - (-2 + (5 - 0 - 4))?
-4
What is the value of 4 + (8 - 0) - 7?
5
12 + 0 - (45 - 37)
4
What is -4 + (1 - -2) - -4?
3
What is (25 - 23) + -7 + -1?
-6
Calculate 16 + -7 - 10 - -3.
2
Calculate 3 + 6 + (-6 - 9).
-6
Calculate (-3 - 2) + 4 + 5.
4
(7 - (8 - 7)) + (-1 - 3)
2
What is 1 + 11 - (-20 + 31)?
1
Evaluate 2 - 4 - (-4 + (0 - 2)).
4
What is the value of -30 + 36 + (-1 - 12)?
-7
What is (6 + -1 - -3) + -3?
5
Calculate -9 - -1 - (6 + -4 + -7).
-3
What is 2 - ((-2 - 0) + -4 + 3)?
5
Calculate -7 + 1 - (-25 - -22) - -4.
1
Evaluate 1 - ((4 - 3) + -1).
1
Evaluate -4 - -1 - ((6 - 12) + 0).
3
What is the value of (-2 - (-4 + -1)) + -5 + 0?
-2
8 - (2 + (1 - -2))
3
Calculate (-7 - -9) + (-4 - (-4 + 7)).
-5
-4 + (7 - 6) + 2 + -7
-8
Evaluate -6 - (2 + 3 + -3) - -3.
-5
12 - (-9 - (-17 + 0))
4
6 + (2 - -1) + -6 + 0
3
What is the value of -3 + 2 - (5 + -1 + -1)?
-4
-6 + 9 + 1 + (-2 - 1)
1
What is -1 + (4 + 3 - 3)?
3
(-4 - 0) + 5 + -2
-1
Evaluate -10 - (-6 - (12 + -9)).
-1
Evaluate 6 + -15 + 10 + 0.
1
What is the value of (-5 - 0) + (11 - 1)?
5
What is -2 - 5 - (-5 + -3) - 3?
-2
Calculate (-7 - -1 - -3 - -15) + -6.
6
Evaluate (2 - (-2 - -4)) + (7 - 12).
-5
Calculate 7 - ((6 - (11 + 0)) + 6).
6
What is the value of -8 + (0 - -7) + 7?
6
Calculate (12 - 5) + 0 + -3 + 1.
5
What is the value of 0 + 2 - ((1 - -1) + -1)?
1
Evaluate -8 - (-2 + (4 - 10)).
0
What is -9 + 23 + -4 + -3?
7
Evaluate (20 - 20) + (1 - 2).
-1
Calculate -5 - (-1 - (3 - -3)).
2
(35 - 35) + 3 + -4
-1
Calculate 0 + (0 - (4 + -9 + 4)).
1
What is the value of (-10 - -7) + -3 + 1 + 13?
8
Evaluate (-4 - (-9 - (-10 - -3))) + 8.
6
-4 - (-4 + 4 - -1)
-5
What is the value o